Give t(-33).
5
Let x(n) be the first derivative of -n**2 + 15*n - 9. Let v be x(5). Suppose -v*i + 12*i + 7 = 0. Let k(s) = -s. Calculate k(i).
1
Suppose 2*v - k + 3 = 6, 4*v = 5*k + 15. Suppose -5*i + x + 9 = -2, -4*i + 3*x + 11 = v. Let a(j) = -5*j**i - 1 - j - 3 + 4*j**2 + 3*j**2. Calculate a(3).
11
Let z(o) = -5*o**2 - 6*o**2 + 3 + 0 + 18*o**2 - 6*o**2. Let g(j) = -6*j**2 - 7*j - 18. Let f(y) = -g(y) - 5*z(y). Give f(-6).
-3
Let q(m) = m**2 + 7*m + 2. Suppose 0*v + 15 = 3*v. Let i = 5177 - 5174. Suppose -v*s = -i*s + 14. Give q(s).
2
Let a(z) = z**3 - 4*z**2 - 6*z + 4. Suppose -2*h + h = 0, 0 = 2*m - 4*h - 10. Let p be a(m). Let n(k) = -k**2 - k. What is n(p)?
0
Let j(o) be the second derivative of o**5/20 - 11*o**4/12 + 9*o**3/2 + o**2 - 5*o + 887. What is j(7)?
-5
Let d(y) = 2*y**3 + 5*y**2 + y - 2. Let s = -64 + 96. Suppose -2003*n + 2016*n + 455 = 0. Let h = n + s. Determine d(h).
-14
Let c(m) = -m + 10. Let x be c(4). Suppose 7*o + 52 = -x*o. Let a be 0/(1/(-1)) - o*1. Let f(k) = -k**2 + 3*k + 4. Give f(a).
0
Let m(j) = -j**2 + 11*j - 8. Let o = 6950 + -6945. Calculate m(o).
22
Suppose 9*s + 1050 = 4*s. Let v = s + 216. Let z(g) be the third derivative of g**5/60 - g**4/4 - 2*g**3/3 - g**2. Calculate z(v).
-4
Let u(g) = -1252*g - 56. Let a(t) = 1498*t + 57. Let y(z) = 5*a(z) + 6*u(z). What is y(-4)?
37
Let k(o) = -61*o + 57. Let f(g) = 27*g - 29. Let d(a) = 7*f(a) + 3*k(a). Determine d(16).
64
Let x(t) = -2*t**3 + 24*t**2 + 3*t - 39. Suppose -225*l - 278*l - 334 = -6370. Calculate x(l).
-3
Let h(w) = -33*w - 197. Let z(y) = -4*y**2 - 36*y + 82. Let s be z(-11). Give h(s).
1
Let u(q) = -q**3 + 30*q**2 - 82*q - 30. Suppose -4*t + 103 = 5*v, 2*v = -2*t - 4*v + 48. Calculate u(t).
-57
Let c(o) = -o**3 + 9*o**2 - 7*o + 7. Let p(t) = t**3 - 12*t**2 - 8*t - 272. Let r be p(14). Give c(r).
15
Let f(l) = l**3 + 21*l**2 - 30*l + 2. Let s(c) = c**3 + 17*c**2 - 26*c + 3. Let m(g) = -5*f(g) + 6*s(g). What is m(5)?
28
Let n(j) = -5 - j**2 + 8 - 5*j + 0*j**2 + 0*j. Let t be n(-5). Let k(i) = 0*i**2 - i**3 + i**2 - 5*i - 13 + 0*i**t + 4*i. Calculate k(0).
-13
Let k(j) = -j. Suppose -9*q = 3*q + 48. Let z(c) = -c**2 - 2*c + 9. Let a(h) = q*k(h) - z(h). Determine a(-8).
7
Suppose -53 = -7*s + 122. Let k(v) = -20 - s - 7*v - 20 + 46 + v**2. What is k(9)?
-1
Suppose -620*i - 3*s + 33 = -614*i, 22 = -5*i + 3*s. Let j(q) = 19*q + 8. Let g(v) = -6*v - 3. Let y(x) = -17*g(x) - 6*j(x). Determine y(i).
-9
Let l = -24 - -184. Let k = -155 + l. Let y(b) = b**3 - 6*b**2 + 6*b + 4. What is y(k)?
9
Suppose z - 29*z = 4*z - 96. Let s(o) = -10*o**2 - 4*o - 1. Calculate s(z).
-103
Suppose 588*j + 24 = 594*j. Let x(r) = j*r - 4*r - 12 - r. Determine x(-19).
7
Let q(v) = 2*v**2 - 61*v + 34. Let n be -2 - -40 - 312/39. Calculate q(n).
4
Let i(c) = 63*c + 3269. Let h(k) = 2*k + 93. Let y(m) = 35*h(m) - i(m). Give y(1).
-7
Let j(y) = -5*y**3 - 16*y**2 + 6*y + 7. Let q be (-3 - (-40)/8) + 2. Let n(c) = -6*c**3 - 17*c**2 + 7*c + 6. Let l(r) = q*n(r) - 5*j(r). Determine l(-12).
13
Let i = -10 - -22. Suppose i = -8*z + 6*z. Let b(x) be the first derivative of -x**3/3 - 3*x**2 - 9*x + 2065. Give b(z).
-9
Let t(b) = b**2 + 4*b. Suppose 5*j - 3*v + 25 = 12, 2*j - 5*v = -9. What is t(j)?
-4
Suppose 65*a = 2595 + 1630. Let k(j) = -4*j**2 + 259*j + 58. What is k(a)?
-7
Let t be (-1 + -2 + 2)/(2/510). Let f be t/65 + (-3)/39. Let w(k) = k**3 + 6*k**2 + 6*k + 1. Calculate w(f).
9
Let i(t) be the second derivative of t**4/12 + 4*t**3/3 - 7*t**2/2 + t - 18. Suppose -2*b = -0*b. Suppose b*g - 2*g - 14 = 0. Determine i(g).
-14
Let w(j) be the first derivative of -j**4/2 + 14*j**3/3 + 9*j**2 - 23*j + 1697. Calculate w(8).
-7
Let i(r) = -21*r - 1. Let u(c) = 54*c + 6. Let k(l) = -5*i(l) - 2*u(l). Determine k(10).
-37
Suppose -23 + 7 = -4*d + 4*h, -d + 5*h + 16 = 0. Let z(m) = -8*m**3 - d + 7*m**3 + m**2 - m**2 - 7*m**2. Suppose -25 = 5*t + 10. Calculate z(t).
-1
Suppose -39*p + 120 = -24*p. Let x(q) = -q + 6*q + q + 1 - p*q**2 - q - 3*q. Determine x(-2).
-35
Let n(z) = -15*z**2 + 38*z - 21. Let x(o) = -27*o**2 + 73*o - 33. Let q(d) = -11*n(d) + 6*x(d). Determine q(-10).
133
Let w(g) = 3*g**2 - 12*g + 27. Let j be w(4). Suppose l + 11 = j. Let o be 63/49 + (l/(-7) - -2). Let r(b) = b**2 - 2*b + 1. What is r(o)?
0
Let j(g) = -g**2 - 3*g + 9. Suppose 2*q + 4*k = 0, -4*k = 4*q - 7*k. Let z be (0 + 1 + q)/((-29)/145). Let p be j(z). Let f(w) = -8*w - 1. Give f(p).
7
Let s(r) = 47*r + 45*r + 9 - 14 - 88*r. What is s(3)?
7
Let y(r) = 84 - 44 + 65*r + 29*r**2 - r**3 - 113. What is y(31)?
20
Let m(d) = d**3 + 6*d**2 + 7*d + 1. Let h be m(-5). Let b = 0 - h. Let u(r) be the second derivative of r**4/12 - 7*r**3/6 - 4*r**2 - 122*r. Calculate u(b).
10
Let y(p) = -2*p - 12. Let j(o) = o**2 + 6*o + 4. Let q be j(-3). Let b(s) = -3*s - 14. Let c(t) = q*b(t) + 6*y(t). What is c(3)?
7
Let r(c) = -3*c**3 + 15 + 0*c**3 + 10505634*c**2 + 10*c - 10505630*c**2 + 2*c**3. What is r(7)?
-62
Let a(h) = -3*h**3 - 2*h**2 - 2*h + 2. Let g be -605 - (-8 - (-7 + (-3)/(-3))). Let x = g + 601. Calculate a(x).
22
Let a(j) be the first derivative of -7*j**2/2 - 34*j - 403. Calculate a(-5).
1
Suppose -8*t + 7*t + 53 = 4*z, -3*z + 37 = -2*t. Let m(x) = z*x - 9*x**2 + 20*x**2 - 1 - 14*x. What is m(-1)?
11
Let a(p) = 6*p - 77. Let d be a(18). Suppose 139 = -27*l + d. Let o(q) = -4*q. Let k(m) = m. Let x(c) = -8*k(c) - 3*o(c). Determine x(l).
-16
Let n(i) = i**3 - 10*i**2 + 8*i + 11. Let w be n(9). Let z(t) = 9*t**2 + 6*t**3 + 8*t - w*t**3 - 2 - 3*t**3. Suppose 8 = 11*v - 12*v. Determine z(v).
-2
Let n = 179 + -177. Let h(u) = 11*u + 7 + 69*u**2 + 0*u - 132*u**n + 64*u**2. What is h(-10)?
-3
Let k(g) = g**2 + 2*g + 4. Let f(n) be the second derivative of -5*n**3/6 + 143*n**2/2 + 128*n. Let l be f(29). Determine k(l).
4
Suppose 4*q = 4*n + 16, 0 = q - 5*n - 46 + 34. Let t(a) = -4*a + q*a + 5*a - 7*a - 2 - a. Calculate t(-7).
33
Suppose 2*p - 4*p + 226 = 4*k, -p = -1. Let v be (k/(-42))/((-2)/3). Let j(g) = -34 - 30 + v*g + 68 - 4*g. What is j(-3)?
10
Let z(n) be the second derivative of -n**4/4 - 13*n**3/3 - 4*n**2 - 2*n + 713. Determine z(-8).
8
Let z(d) = -65 - 70 + 5*d + 98. Calculate z(7).
-2
Let k(u) be the third derivative of u**6/120 + u**5/20 - 7*u**4/4 - 17*u**3/6 - 1348*u**2. Give k(-8).
-1
Let b(c) = c**2 - 7*c - 9. Let x be b(9). Let g(q) = -q**2 + 2*q**2 - 20 - x*q + 21. Suppose -2*h + 12 = k, -k + 2*k = 2*h. Determine g(k).
-17
Let j be 1*17 + (-15)/(15/4). Let d(r) = -41*r**3 + 44*r**3 + 1 - j*r + 15*r - 4*r**2. What is d(2)?
13
Let b(p) = 6*p - 51 + 84 + 63. Give b(-16).
0
Let b be -8 + (5/(-2) - -3)*2. Let z be (14/3)/(b/(-21)). Let y(c) = -c**2 + 14*c - 10. Calculate y(z).
-10
Let x(h) = -h**3 - 11*h**2 - 2*h - 1. Let n(o) = 3*o**3 + 24*o**2 + 5*o + 2. Let i = 798 - 793. Let y(b) = i*x(b) + 2*n(b). What is y(7)?
-1
Let w be ((-1)/(-2))/(2/(-4)). Let k(v) be the third derivative of -5*v + 1/24*v**4 + 1/6*v**3 + 4*v**2 + 0 - 1/12*v**5. Determine k(w).
-5
Suppose 16 = -k + 20. Let v(h) = -3*h + k*h**2 + 3 + 4*h - 5*h - 3*h**2. Determine v(4).
3
Let o be (-3)/(-4)*(0 + 8). Let s(j) be the second derivative of j**4/12 - j**3/2 - 2*j**2 - 71*j. Calculate s(o).
14
Let m(h) be the third derivative of -h**5/20 + 35*h**4/24 - 7*h**3/6 - h**2 - 1101. What is m(11)?
15
Let n(h) = 74*h - 61. Let k(o) = 65*o - 53. Let s(u) = -6*k(u) + 5*n(u). What is s(2)?
-27
Let b = 3 + -3. Suppose 0 = -b*q - 2*q - 32. Let f be 1/4*-1 - 132/q. Let m(x) = -2*x + 10. Calculate m(f).
-6
Let m(n) = -1 - 438525*n**2 + 438528*n**2 + 1 - 5*n. Calculate m(5).
50
Let i(s) = -42. Let p(q) = -2*q + 85. Let x(h) = 14*i(h) + 6*p(h). Calculate x(-6).
-6
Let o be -1 - ((-236)/(-8) + 1/2). Let i be -3 + (1 - -1) + (-34 - o). Let q(p) = p + 3*p + 4 - 1 + 1. What is q(i)?
-12
Let o = -1754 + 1757. Let l(g) = 1. Let c(r) = 6*r - 8. Let u = 11 - 5. Let f(y) = u*l(y) + c(y). Calculate f(o).
16
Let r = 247/44 + -59/11. Let j(t) be the first derivative of r*t**4 - t**2 - 3*t - 2/3*t**3 - 7. What is j(4)?
21
Let p(u) = -57*u + 90. Let o(s) = -13*s + 21. Let l(n) = -9*o(n) + 2*p(n). Determine l(2).
-3
Let b(u) be the second derivative of u**4/4 - 7*u**3/3 + 4*u**2 + 422*u + 8. What is b(5)?
13
Let x(d) = d**3 + 10*d**2 - 3*d - 7. Let p(n) = -3*n**3 - 254*n**2 -